3
Let p(x) = 11*x**2 + 26*x - 93. Calculate p(3).
84
Let c(p) = 4416*p - 22113. Determine c(5).
-33
Let r(b) = 381*b - 370. Determine r(1).
11
Let m(d) = 7*d**2 + 211*d - 75. Determine m(-31).
111
Let a(s) = 2*s**2 - 111*s + 631. Calculate a(49).
-6
Let h(f) = 686*f**2 - 3429*f + 10. Calculate h(5).
15
Let w(m) = -42*m - 2532. Give w(-59).
-54
Let n(f) = -2*f**2 - 55*f - 129. Give n(-25).
-4
Let v(h) = -6*h**3 + 10*h**2 - 14*h + 42. Determine v(5).
-528
Let u(i) = 160*i - 7047. What is u(44)?
-7
Let o(n) = -n**3 + 8*n**2 + 45*n - 353. What is o(8)?
7
Let u(i) = 409*i + 2055. What is u(-5)?
10
Let a(j) = 10*j + 319. Calculate a(-32).
-1
Let d(t) = 122*t - 490. Determine d(4).
-2
Let z(d) = d**2 + 68*d - 1023. Calculate z(13).
30
Let g(f) = -8200*f - 16416. Give g(-2).
-16
Let x(u) = 12*u - 193. Give x(6).
-121
Let y(r) = -r**3 + 43*r**2 + 349*r + 55. Give y(50).
5
Let d(n) = 14*n - 9. Give d(-3).
-51
Let a(l) = -3*l**2 - 213*l - 2129. Calculate a(-12).
-5
Let z(f) = -f**3 + 2*f**2 - 53*f - 169. Calculate z(-3).
35
Let j(m) = m**3 + 20*m**2 - 9*m - 20. Give j(-20).
160
Let a(n) = n**3 + 4*n**2 - 11*n + 9. Determine a(-4).
53
Let j(o) = 2*o**3 - 17*o**2 - 33*o + 220. Give j(9).
4
Let n(w) = 4*w**2 + 81*w + 95. Give n(-19).
0
Let i(q) = q + 30. What is i(4)?
34
Let q(i) = -2*i**2 - 122*i + 251. Give q(2).
-1
Let g(i) = 121*i - 6844. What is g(56)?
-68
Let b(u) = -3*u - 110. Determine b(6).
-128
Let h(u) = u**2 - 38*u + 320. Calculate h(17).
-37
Let v(h) = 212*h - 15052. Give v(71).
0
Let s(n) = -n**3 + 86*n**2 + 174*n + 121. Give s(88).
-55
Let a(u) = -u**3 - 17*u**2 - 47*u - 48. Determine a(-14).
22
Let n(s) = -2*s**2 - 2*s + 3. Give n(5).
-57
Let n(b) = -b**2 + 21*b + 30. Give n(5).
110
Let i(z) = -z**3 - 15*z**2 - 28*z - 70. What is i(-8)?
-294
Let c(k) = 110*k + 1156. Determine c(-11).
-54
Let h(m) = m**3 - 35*m**2 + 298*m + 33. Calculate h(17).
-103
Let f(q) = -420*q - 23083. Calculate f(-55).
17
Let r(b) = -3*b**2 + 19*b + 137. Give r(-5).
-33
Let m(p) = p**3 - 47*p**2 - p - 56. Determine m(47).
-103
Let j(t) = -9*t + 108. Determine j(16).
-36
Let y(j) = 5*j**2 - 36*j - 37. Determine y(-1).
4
Let o(i) = 70*i - 507. Determine o(9).
123
Let q(p) = -p**3 + 24*p - 198. What is q(0)?
-198
Let m(s) = 503*s - 5742. What is m(11)?
-209
Let n(m) = m**3 + 11*m**2 - 50*m - 559. Give n(-11).
-9
Let h(l) = -l**3 + 36*l**2 + 5*l - 1. Give h(36).
179
Let o(f) = -f**2 - 18*f - 67. What is o(-23)?
-182
Let j(c) = 4*c**2 + 14*c - 38. Give j(0).
-38
Let a(f) = f**2 + 35*f + 110. What is a(-5)?
-40
Let j(r) = 61*r**2 - 17*r - 35. Determine j(-2).
243
Let q(w) = -11*w**3 + 526*w**2 + 88*w + 379. Determine q(48).
-5
Let z(s) = -2*s**2 + 35*s + 47. Calculate z(19).
-10
Let a(d) = d**3 + 13*d**2 - 4*d + 819. Determine a(0).
819
Let j(c) = -2*c**3 + 17*c**2 - 14*c + 41. Give j(8).
-7
Let u(h) = -6*h**2 - 20*h - 62. What is u(-3)?
-56
Let b(r) = -970*r - 45592. Give b(-47).
-2
Let x(c) = -2*c**2 - 19*c + 202. What is x(-16)?
-6
Let m(x) = 1919*x - 24934. Calculate m(13).
13
Let n(z) = z**2 + 30*z + 8. What is n(0)?
8
Let h(j) = j**3 - 20*j**2 + 76*j - 192. What is h(16)?
0
Let v(x) = 3255*x - 22793. What is v(7)?
-8
Let p(w) = 1998*w + 5995. Calculate p(-3).
1
Let j(x) = -103*x + 5151. Determine j(50).
1
Let m(k) = 792*k**2 - 9509*k + 59. Determine m(12).
-1
Let x(i) = i**3 - 13*i**2 + 55*i - 789. Calculate x(13).
-74
Let g(l) = 463*l - 407. Calculate g(1).
56
Let i(l) = l**3 - 46*l**2 - 61*l + 63. What is i(-2)?
-7
Let m(n) = -454*n + 449. Calculate m(1).
-5
Let o(n) = -n**3 + 13*n**2 - 41*n + 76. Give o(5).
71
Let k(i) = 50*i**2 - 504*i + 39. Determine k(10).
-1
Let c(y) = 17*y - 3290. Calculate c(194).
8
Let b(d) = d**3 - 82*d**2 + 1061*d - 338. Determine b(66).
-8
Let i(f) = 68*f**2 - 275*f - 328. Determine i(5).
-3
Let g(k) = 90*k + 957. Give g(-13).
-213
Let p(w) = -11*w**2 - 22*w + 84. What is p(3)?
-81
Let g(a) = 2*a**2 - a - 23. Determine g(5).
22
Let q(w) = 24*w - 93. Give q(11).
171
Let m(b) = -5*b**2 + 36*b - 69. Give m(7).
-62
Let r(t) = 5*t**2 - 5*t + 33. Give r(0).
33
Let o(m) = 1078*m + 11864. Determine o(-11).
6
Let w(x) = -x**2 - 541*x + 6642. What is w(12)?
6
Let w(q) = 2857*q + 40012. Give w(-14).
14
Let f(o) = -3*o**2 + 62*o - 2. What is f(21)?
-23
Let z(d) = -d**3 - 2*d**2 - 7*d + 15. Calculate z(0).
15
Let i(o) = 182*o**2 - 1639*o - 12. Determine i(9).
-21
Let m(c) = 35*c**2 + 25*c - 59. Give m(-2).
31
Let l(g) = 14*g - 603. Give l(44).
13
Let p(i) = 4*i**3 - 12*i**2 + 288*i + 301. Determine p(-1).
-3
Let u(q) = 24*q + 376. Calculate u(-16).
-8
Let w(f) = 391*f**2 - 1554*f - 2. What is w(4)?
38
Let u(z) = 7*z - 1. Determine u(7).
48
Let z(s) = -4*s**3 + 2*s**2 + 10*s + 3. Give z(-2).
23
Let l(h) = 73*h - 4001. What is l(55)?
14
Let l(d) = 11*d**2 + 23*d + 7. Give l(-1).
-5
Let v(p) = 3*p**3 + 107*p**2 - 392*p - 10. Determine v(-39).
68
Let c(t) = t**3 - 3*t**2 - 1. What is c(0)?
-1
Let z(s) = 468*s**3 - 3*s**2 - 21*s + 23. Determine z(1).
467
Let j(z) = -z**3 + 13*z**2 - 18*z - 13. What is j(2)?
-5
Let g(k) = -6*k**3 + 11*k**2 + 10*k - 13. Determine g(2).
3
Let k(y) = 3*y**2 + 159*y - 871. Calculate k(5).
-1
Let j(y) = -12*y - 265. Calculate j(-19).
-37
Let l(j) = -21*j + 129. Calculate l(2).
87
Let g(j) = -j**3 + 23*j**2 + 21*j + 93. What is g(24)?
21
Let u(y) = y**3 - 44*y**2 - 413*y - 162. What is u(52)?
-6
Let r(h) = -12*h**2 - 71*h - 62. Calculate r(-12).
-938
Let m(s) = -s**3 + 51*s**2 - 188*s + 14. Calculate m(47).
14
Let q(o) = 436*o - 1231. Calculate q(3).
77
Let j(s) = -2*s**3 - 43*s**2 - 101*s - 114. Calculate j(-19).
0
Let u(t) = t**3 + 9*t**2 - 7*t - 76. Calculate u(-9).
-13
Let i(s) = -s**3 - 30*s**2 + 207*s - 73. What is i(-36)?
251
Let h(q) = q**3 + 13*q**2 + 42*q + 9. Determine h(-8).
-7
Let i(m) = m + 623. Determine i(52).
675
Let z(v) = v**2 - 479*v + 34401. Determine z(391).
-7
Let u(j) = 5*j**2 - 56*j + 4. What is u(11)?
-7
Let l(d) = 67*d + 27. Determine l(2).
161
Let k(o) = 2*o**3 - 16*o**2 + 9*o + 4. What is k(7)?
-31
Let a(j) = -5*j - 11. Calculate a(20).
-111
Let k(f) = 4*f**2 - 29*f + 63. Give k(2).
21
Let o(t) = t**3 + 29*t - 271. Give o(5).
-1
Let k(y) = -333*y - 652. What is k(-2)?
14
Let d(x) = 3*x**3 + 9*x**2 + 11*x + 14. Give d(-2).
4
Let f(d) = -d**2 - 65*d + 565. Calculate f(8).
-19
Let d(u) = 14*u**2 + 165*u - 336. Calculate d(2).
50
Let n(m) = 27*m + 57. Calculate n(5).
192
Let z(c) = 78*c + 54. Calculate z(0).
54
Let y(m) = -33*m**2 + 4*m - 22. Determine y(3).
-307
Let q(z) = -6*z**3 - z**2 + 8*z - 8. What is q(1)?
-7
Let t(s) = -s**3 + 6*s**2 + 11*s + 8. What is t(7)?
36
Let p(n) = -n**2 + 80*n - 327. Give p(4).
-23
Let v(u) = -u**2 - 14*u - 9. Determine v(-8).
39
Let i(p) = p**2 + 1909*p - 5751. Determine i(3).
-15
Let y(q) = -214*q - 3239. Calculate y(-16).
185
Let k(y) = -10*y**2 - 22*y + 75. Give k(5).
-285
Let f(d) = -11*d**3 + 135*d**2 - 38*d + 24. Determine f(12).
0
Let m(t) = 182*t + 2169. Give m(-12).
-15
Let h(f) = -f**2 + 82*f + 167. Give h(79).
404
Let l(y) = -732*y - 8804. What is l(-12)?
-20
Let u(c) = 14*c + 92. Give u(-6).
8
Let h(q) = -q**2 + 1449*q - 7212. What is h(5)?
8
Let b(x) = -15*x + 795. Determine b(58).
-75
Let b(h) = 2*h**2 - 92*h + 472. Give b(6).
-8
Let j(d) = 2*d**3 + 53*d**2 + 23*d - 30. Give j(-26).
48
Let u(v) = 3*v**2 + 142*v - 287. Calculate u(2).
9
Let l(p) = -4*p + 209. Determine l(21).
125
Let d(q) = -q**2 + 14*q + 54. Determine d(-11).
-221
Let b(n) = -61*n - 2832. Calculate b(-41).
-331
Let g(f) = 6*f + 15. Calculate g(-6).
-21
Let d(x) = -11*x - 170. Determine d(-16).
6
Let t(b) = -b**3 + 5*b**2 - 10*b + 86. Determine t(6).
-10
Let r(m) = -m**2 - 226*m + 2355. What is r(10)?
-5
Let b(d) = 4*d**2 + 224*d - 947. Give b(-60).
13
Let q(b) = b**3 + 14*b**2 - 16*b - 167. What is q(-15)?
-152
Let p(o) = 62*o + 5772. Calculate p(-93).
6
Let d(y) = y**3 - 16*y**2 + 70*y + 7. Calculate d(10).
107
Let i(a) = -200*a + 2385. Determine i(12).
-15
Let v(z) = 26*z**2 - 125*z + 18. Give v(5).
43
Let d(y) = -y**2 + 11*y + 4. Give d(-11).
-238
Let k(g) = -142*g + 10508. Give k(74).
0
Let t(j) = 444*j**2 + 101*j + 101. Give t(-1).
444
Let j(f) = -f**2 - 1691*f - 8419. What is j(-5)?
11
Let s(g) = -47*g**2 - 543*g - 141. What is s(-11)?
145
Let j(v) = 3*v**2 - 13*v. Give j(4).
-4
